t h = 5 + -3. Let v be ((-2)/(-2))/(1/h). Suppose -2*t - 5*c + 18 = 0, -3*t + 5*c = -0 - v. What is the greatest common divisor of 12 and t?
4
Let u = 0 + 10. Let d(f) = 19*f - 3. Let l be d(u). Suppose 0 = a - 6*a + 85. Calculate the greatest common divisor of l and a.
17
Let j(x) = -x. Let t be 4/(5/((-15)/2)). Let d be j(t). Let y be (-4)/d + 1100/12. Calculate the highest common factor of y and 13.
13
Let c(h) = h**2 + 10*h + 10. Let j(r) = 1. Let n(u) = c(u) - 4*j(u). Let g be n(-10). Calculate the highest common factor of 2 and g.
2
Let w(g) be the second derivative of -g**5/10 + g**3/6 + g**2/2 - 2*g. Let d be w(-3). Let j = 11 + 2. What is the highest common factor of j and d?
13
Suppose 2*n - 34 = -8. Suppose -10*p = -n*p + 39. What is the greatest common factor of p and 143?
13
Let i be (-2)/6 + -41*(-8)/12. Suppose 4*c - 854 = -2*n, -592 = -4*c + 3*n + 287. What is the greatest common factor of i and c?
27
Let f be (-2*3)/((-9)/6). What is the highest common factor of f and 1?
1
Let j be (-9)/2 - 2/(-4). Let h be 1/4 + (-15)/j. Suppose 3*n + 13 = h*t - 0*t, -2*t + 24 = 2*n. What is the highest common divisor of 28 and t?
7
Let l = 7 + -12. Let b be (-22)/(-5) + 2/l. Suppose m + m - 32 = 0. Calculate the highest common factor of m and b.
4
Suppose 2*l = 7*l + n - 18, -3 = -2*l + n. Let z = -6 + 12. What is the greatest common factor of l and z?
3
Let g be 6/(-5)*(-5)/2. Suppose 3*q + 6 = 5*s, 4*q = 4*s + g*q - 2. Suppose s*r + 3*r = 312. Calculate the highest common divisor of r and 13.
13
Let k(p) = 5*p**3 - 7*p**2 - p + 1. Let f(d) = d**3 - d**2 - d + 1. Let j(s) = -4*f(s) + k(s). Let q be j(4). What is the highest common divisor of q and 200?
25
Let o be -1*(-3)/(7 - 4). Let f(c) = 2*c**2 - c. Let a be f(o). What is the greatest common factor of 5 and a?
1
Suppose 15*i - 14*i = 253. What is the greatest common factor of 23 and i?
23
Let z be (-8238)/(-66) + 4/22. Suppose 380 = s + 4*s. Let o = z - s. What is the greatest common divisor of 7 and o?
7
Let m(n) = 2 + 6 + 18*n**2 - 9*n + 0. Let l be m(6). Suppose l = 5*i + 107. Calculate the greatest common factor of 9 and i.
9
Let b be (-5)/(5/(-2)) + -1. Suppose 11 = 4*s - 4*c + c, 3*s = -5*c + b. Let g = 7 - s. Calculate the greatest common factor of g and 5.
5
Let l = -26 + 15. Let m = l + 53. What is the highest common factor of m and 28?
14
Let d = -16 + 18. Calculate the greatest common divisor of d and 1.
1
Let j be -3*(1 + 4/(-2)). Suppose 3*x = j + 111. Calculate the greatest common factor of 19 and x.
19
Let y(k) = -8 + 2*k - k - 2*k. Let i be y(-8). Suppose i = -2*p + 4*z + 42 - 12, p = -z + 6. Calculate the greatest common divisor of p and 6.
3
Suppose a = -17 - 4. Let r = 29 + a. Suppose -r - 7 = -3*o. Calculate the highest common divisor of 10 and o.
5
Let l(f) = 2*f**2 + 3*f. Let r be l(-3). Suppose 2*c = 5*c. Suppose c = v + 2*v - 135. Calculate the greatest common divisor of v and r.
9
Let p(z) = -z - 3. Let o be p(-7). Calculate the highest common factor of 4 and o.
4
Suppose -g - 1 = 2*n + 6, 5*g = -4*n - 11. Let h be (-4)/(-2) + 18/(-6). Let b be h + 0 + g + 20. Calculate the highest common factor of 50 and b.
10
Let y be (5/(15/(-246)))/1. Let g = y - -177. What is the highest common divisor of 38 and g?
19
Suppose -3*q + 5*p = 13, -2*q - 2*p + 33 = 3*p. Suppose q*d - 2*d = 12. Calculate the highest common divisor of d and 3.
3
Let u = 72 - 32. Let x = -19 - -35. Calculate the highest common divisor of u and x.
8
Let q be (7 + -2)/((-3)/(-3)). Let p(m) = -26*m - 8. Let d be p(-8). Suppose -8*n + d = -3*n. What is the greatest common divisor of n and q?
5
Suppose -329 = -4*r + 2*l - 3*l, 5*l = -5*r + 415. Let p = r - 7. Let w = p - 20. Calculate the highest common divisor of 5 and w.
5
Let b(j) = -8*j**3 + j**2 + 2*j + 1. Let c be b(-3). Suppose -c = -3*s + 23. What is the greatest common divisor of 9 and s?
9
Suppose -4*n - 12 = 4*k, 3*k - 4*n + 4 = 2. Let w = 4 - k. What is the highest common factor of w and 54?
6
Suppose 0 = -3*g - 2*g + 4*b + 45, 0 = -3*g + 3*b + 30. Let k = -41 - -17. Let z be (-8)/k + 328/6. Calculate the greatest common factor of g and z.
5
Suppose -35 = -6*g + g. What is the highest common divisor of g and 63?
7
Let q = 2 + 0. Let o = 11 + -9. Suppose 0 = 3*s, y = -o*y - 4*s + 18. Calculate the highest common factor of q and y.
2
Let a = 72 - -8. Calculate the greatest common factor of a and 32.
16
Suppose -1 - 127 = -2*x. Let r be ((-6)/4)/((-9)/96). What is the greatest common factor of r and x?
16
Let x(n) be the second derivative of 5*n**3/3 - 10*n**2 - 8*n. Let q be x(8). What is the highest common factor of 12 and q?
12
Let m = -4 - -19. What is the highest common factor of 10 and m?
5
Let g be 242*(0 + 1/2). Let q = g + -46. Let d = -34 - -64. Calculate the greatest common divisor of q and d.
15
Let w = 410 - 267. Calculate the highest common factor of w and 13.
13
Suppose -1931 = -6*h - 257. What is the greatest common divisor of 31 and h?
31
Let g = 9 - 6. Suppose -3*w + 318 = -3*f + 6*f, -f - 314 = -g*w. Let s be 636/15 + (-6)/15. What is the greatest common divisor of w and s?
21
Let b(d) = d**2 + 4*d + 2. Let q be b(-2). Let u be (7 + q)*(-114)/(-10). Calculate the greatest common divisor of 19 and u.
19
Let c be 0 + 37 - 4/2. Let f(o) = 0*o + 5 - 7*o - o**2 - 3. Let n be f(-4). What is the highest common divisor of n and c?
7
Let c be 5*(-4)/10*-1. Suppose 12 = 2*y - 3*a - 1, c*a - 10 = 0. Calculate the greatest common factor of y and 2.
2
Suppose 1 = -4*j + 5*d + 2, 0 = -5*j - 5*d + 35. Let o = 32 + -23. Let q = 27 + o. What is the greatest common divisor of j and q?
4
Let t(z) = -6*z + 6. Let q be t(4). Let s = q - -8. Let l be (s/(-3))/(12/90). Calculate the highest common divisor of l and 5.
5
Let k(l) = 2*l - 6. Let a be k(4). Suppose f = a*f - 11. Calculate the greatest common divisor of f and 1.
1
Let v = 5 + -5. Suppose -3*o - 2*c + 33 - 3 = 0, v = -3*c - 9. Calculate the highest common factor of o and 108.
12
Let q = 281 + -164. Calculate the greatest common divisor of q and 13.
13
Let t = -359 + 251. Let p be (1 - 1) + 186/(-6). Let c = p - t. Calculate the highest common divisor of 7 and c.
7
Suppose -8 = -2*s - 2*s. Suppose 321 = 5*j - 4*g - 163, -s*j - g = -204. Calculate the highest common divisor of 20 and j.
20
Let m(i) = -i**3 - 9*i**2 - 6*i - 6. Let o be m(-9). Let l be (-8)/(-1 - (-2)/4). Calculate the highest common divisor of o and l.
16
Suppose -4*c - 2*w = 2*w - 40, 5*c - 46 = -3*w. Suppose -6 = -x - 2*x. Calculate the greatest common divisor of c and x.
2
Suppose -12 + 2 = o. Let i = 8 + o. Let y be 16 - (1 - 3 - i). What is the highest common divisor of y and 112?
16
Let a = 11 + -6. Let z be (4 + -5)/(1/(-5)). Suppose -h - 8 = -z*h. What is the highest common divisor of a and h?
1
Let o = -14 - -20. Suppose o*b - 56 = 2*b. Calculate the greatest common divisor of 154 and b.
14
Let g be 2/7 + (-52)/(-14). Suppose -r - g*r + 95 = 0. Calculate the greatest common divisor of r and 152.
19
Let y be 496/32 + 1/(-2). Calculate the highest common factor of 75 and y.
15
Suppose -4*s = -4*p + 236 - 36, p = 4*s + 50. Let k = 33 - 23. What is the highest common factor of k and p?
10
Suppose 2*d = 4 + 2. Let t = 2 - -3. Suppose t*z - 4*o - 54 = 112, d*z = 2*o + 98. Calculate the highest common divisor of z and 6.
6
Let y(l) = -6*l - 36. Let b be y(-7). Let f(h) = -7*h**3 + h. Let d(m) = -m + 3. Let x be d(5). Let o be f(x). What is the highest common factor of o and b?
6
Suppose -5*x = -8*x + 5*o + 45, -5*x = -2*o - 56. What is the highest common divisor of 10 and x?
10
Suppose -u = -5*m - 2*u - 60, -4*u = 20. Let b = 46 + m. Let o(g) = 4*g + 2. Let c be o(3). Calculate the greatest common factor of c and b.
7
Suppose 0 = 2*n - 16 - 24. Calculate the greatest common factor of 30 and n.
10
Let b be 3 - (2970/(-3))/6. What is the greatest common factor of b and 21?
21
Let p(w) = 14*w - 2. Let f be p(1). What is the highest common factor of 144 and f?
12
Let z = -73 - -115. Calculate the greatest common factor of z and 21.
21
Suppose -14 = p + p. Let z = p - -22. Let t(f) = -29*f + 1. Let w be t(-1). What is the highest common factor of w and z?
15
Let x be (-62)/(-4) + (-1)/(-2). Let y(m) = 2*m + 4. Let i be y(